336). What is the highest common divisor of s and 47?
47
Let j = -262 + 604. Calculate the greatest common factor of j and 228.
114
Let b be 0*3/(24/(-4)). Let c be 0/(-3) + b + 0. Suppose 0*w - w + 130 = c. Calculate the highest common factor of w and 13.
13
Let f = 66 + -50. Suppose -j = -2*j + 3. Suppose -5*o = 4*w - 586, -2*o = j*w + 3*o - 442. What is the greatest common divisor of w and f?
16
Let h be (-6)/(-3) - (-1 + -10). Let a(d) = -20*d - 3. Let l(f) = f**2 - f - 6. Let v be l(0). Let u be a(v). Calculate the greatest common factor of h and u.
13
Let p = 34 - -32. Let i = 30 - 8. What is the highest common factor of p and i?
22
Let j = 51 - 133. Let v = -76 - j. What is the greatest common factor of 3 and v?
3
Let l be 19 + ((1 - 6) + 11 - 1). Calculate the highest common divisor of 552 and l.
24
Let b be 7 - (1 - -3 - 3). Suppose -b*d + 608 = -2*d. Calculate the highest common divisor of 19 and d.
19
Let a be (910/42 - -8)/(1/3). Calculate the greatest common factor of 623 and a.
89
Let q = -935 + 947. Calculate the greatest common factor of q and 36.
12
Let i be 18/(-5) - (-39)/65. Let m be i/6*(2 + -34). Calculate the greatest common divisor of m and 128.
16
Let w = 28 - 1. Suppose 5*q + w = 4*q. Let x = q + 45. What is the highest common divisor of 36 and x?
18
Let b(u) = -u**3 + 4*u**2 + 3*u + 17. Let s be b(5). Suppose -57 = -2*h - s. Calculate the greatest common divisor of 125 and h.
25
Suppose 4*c - 4*t - 56 = 0, -48*c - 2*t = -52*c + 64. Calculate the highest common divisor of c and 99.
9
Suppose 0 = 3*s - s + j - 167, s - 3*j = 87. What is the highest common factor of 63 and s?
21
Let w be -72*(-168)/60*(-10)/(-12). Calculate the greatest common factor of 294 and w.
42
Suppose 0 = -8*l - 85 + 525. What is the highest common factor of l and 15?
5
Let n(r) = r**2 - 11*r + 8. Let c be n(7). Let w be (-4)/8*4 - c. Let m be (-237)/(-9) + (-4)/(-6). What is the greatest common divisor of w and m?
9
Suppose a - 9 = -3*r, 6 = a + a. Suppose o - r*o = -45. Let q(j) = 2*j**2 + 3*j - 5. Let x be q(-5). Calculate the highest common factor of o and x.
15
Let z(m) = 2*m**3 + 17*m**2 + 8*m - 7. Let h be z(-7). Let g = 15 - -6. What is the highest common factor of g and h?
21
Suppose -5*y - 22 + 2 = 0. Let d = y - -7. Suppose 4*b - 3*k - 63 + 8 = 0, d*b = k + 40. What is the greatest common factor of 117 and b?
13
Suppose 395 = 7*j - 410. Calculate the greatest common factor of j and 69.
23
Let q be (55/22)/((-4)/(-104)). What is the greatest common divisor of 247 and q?
13
Suppose 2*z + 1062 = -4*s + 370, -3*z + 692 = -4*s. Let p = -69 - s. Calculate the highest common divisor of p and 26.
26
Let n(t) = -3*t**2 - 79*t - 156. Let h be n(-24). Let i = 60 - -12. Calculate the greatest common factor of h and i.
12
Suppose -5*g + 5 = -5*l, 2*g + l = -2 + 1. Suppose j + d - 121 = g, 482 = -0*j + 4*j + 2*d. Calculate the greatest common divisor of j and 48.
24
Let n be 4/14 - 1403/(-161). Calculate the greatest common factor of n and 1.
1
Let o = 30 - 30. Suppose j = 2*r + 6*j - 20, o = j. What is the highest common divisor of r and 2?
2
Suppose 6*h - 3*f = 4*h + 22, h + f = 16. Suppose 0 = -3*j + 76 + h. What is the greatest common factor of j and 210?
30
Let z(r) = 21*r + 2. Let c be z(2). Let d = 3833 + -3822. What is the highest common divisor of c and d?
11
Let d = -623 + 703. Calculate the highest common factor of d and 60.
20
Let s(v) = 18*v - 9. Let j be s(2). What is the highest common divisor of 1269 and j?
27
Let f(t) = 4*t**2 - 8*t + 21. Let l be f(2). What is the greatest common factor of 287 and l?
7
Let c = -1779 + 2464. What is the highest common factor of 548 and c?
137
Suppose -3*q = -5*g - 24, -2*g - q + 5 = 8. Let u(i) = i + 4. Let h be u(-3). Let k be (g/(-2))/(h/20). What is the highest common divisor of 10 and k?
10
Let a(g) = -g**3 - 7*g**2 + 10*g + 19. Let x = 6 - 14. Let q be a(x). What is the highest common factor of q and 15?
3
Let q(y) = -y**2 + 10*y - 7. Let k be 5*(4/22 + 89/55). Let a be q(k). Suppose -4*h = -3*h - 20. What is the highest common divisor of h and a?
2
Suppose -j - 704 = -4*w, 5*j + 895 = 64*w - 59*w. What is the greatest common factor of 75 and w?
25
Suppose 5*r + 3*h - 335 = 0, 17*r + 4*h - 340 = 12*r. What is the highest common factor of 24 and r?
8
Let l be (-3)/(-6) - (-9)/2. Let k be -9*(-78)/18 - 4. Calculate the greatest common factor of l and k.
5
Let l = 2041 + -1849. Calculate the greatest common divisor of l and 84.
12
Let a(s) = 6*s + 17. Let f be a(-4). Let n be f/(14/8) - -19. What is the greatest common divisor of 15 and n?
15
Let p = -112 + 346. Let b be p/24*1*4. Calculate the highest common divisor of 26 and b.
13
Let l = -12 - -18. Suppose -2*d - 132 = -l*d. Suppose -15 + 18 = t. What is the greatest common factor of t and d?
3
Let q be (-10)/2*(1 + -10). Let l(d) = 8*d - 10. Let u be l(8). Suppose -2*a + u = a. What is the greatest common divisor of q and a?
9
Let j be 0*(3/(-6))/(-1). Suppose 3*f = -j*f + 69. Let s = -90 - -182. Calculate the greatest common factor of f and s.
23
Suppose -3*z + 113 + 8 = 2*u, -2*z + 70 = 4*u. Let j be (-1)/3 + (-3990)/(-63). Let y = j - z. What is the greatest common divisor of y and 50?
10
Suppose 67*d - 86*d + 4693 = 0. What is the highest common factor of 76 and d?
19
Let t = -129 + 180. What is the highest common factor of t and 136?
17
Let b(k) = -k**2 + 12*k - 24. Let w be b(6). Suppose 5*g - x + 0*x = 49, g = -4*x + 14. Suppose 38 = 2*h - g. What is the highest common factor of h and w?
12
Suppose -1015 = -14*n + 1113. What is the greatest common factor of n and 38?
38
Let d be -12*(-1 - (-6)/4). Let x be ((-2)/d)/(1/15). Suppose x*s - 6*s = -12. Calculate the highest common factor of 108 and s.
12
Let w(f) = -3*f + 56. Let a be w(-3). Let y(g) = g**3 + 7*g**2 - 3*g - 8. Let h be y(-7). What is the highest common divisor of a and h?
13
Let t = 689 + -667. What is the highest common factor of t and 4?
2
Let l = 5710 - 5672. Let v(i) = i**2 + 114. Let r be v(0). Calculate the greatest common divisor of l and r.
38
Suppose -22*d - 5*l = -23*d + 356, 0 = -4*d + 5*l + 1379. What is the greatest common divisor of d and 31?
31
Let m be -4 - (21/63)/(2/(-1146)). Let w(v) = v + 12. Let l be w(5). Calculate the highest common divisor of l and m.
17
Let u = -30 - -33. Suppose 7*x - u*x = 84. What is the greatest common divisor of 21 and x?
21
Let i = -26 - -50. Suppose -4*j = 3*q - 61 - 36, 0 = -q + 3. Let b(m) = m - 10. Let g be b(j). Calculate the greatest common factor of g and i.
12
Let o = -4 + 3. Let q be (1/2)/o*-168. Let j = -31 + 52. What is the greatest common factor of q and j?
21
Let a be ((-24)/(-5))/((-21)/(-8960)). What is the greatest common divisor of 64 and a?
64
Suppose 710*s = 703*s + 476. What is the highest common divisor of s and 187?
17
Let m(h) = h - 11. Let y be m(11). Suppose b = 2*b + 1, z - 3*b - 1 = y. Let c be 0 + z + (31 - -4). Calculate the greatest common factor of 3 and c.
3
Let g(x) = 5*x**2 + 12*x + 15. Let f(p) = -6*p**2 - 12*p - 16. Let c(b) = -4*f(b) - 5*g(b). Let u be c(-8). Calculate the greatest common divisor of u and 7.
7
Let y = 270 + -192. Let p = -36 + y. Let q(j) = -j**3 - 3*j**2 - 2*j - 3. Let k be q(-4). Calculate the highest common divisor of p and k.
21
Let x(l) = l**3 - l**2 - 8*l + 28. Let t be x(4). What is the highest common divisor of 22 and t?
22
Suppose -7 + 25 = 2*q. Calculate the greatest common divisor of q and 3.
3
Let r be ((-10)/(-6))/((-3)/(-9)). Let q(n) = 0 - 3*n + 10 - 3*n. Let p be q(-5). What is the highest common divisor of p and r?
5
Suppose 0 = -m - 3*f + 15, 2*m + 4*f = 8*f. Suppose 25 = m*k - 89. What is the greatest common factor of 209 and k?
19
Let g(v) = v**3 - 15*v**2 - 22*v + 1. Let h be g(16). Let o = h - -149. Calculate the greatest common factor of o and 486.
54
Let q be (-10)/(-25) + (-2)/5. Let r(c) = -c**3 - c**2 + c + 17. Let f be r(q). Calculate the highest common factor of 85 and f.
17
Suppose -26*j = -1752 + 192. What is the greatest common factor of 165 and j?
15
Let d = -798 + 864. What is the greatest common factor of 1782 and d?
66
Let i(m) = m**3 - 6*m**2 - 4*m - 6. Let a be i(6). Let q = -26 - a. What is the greatest common factor of 2 and q?
2